is divided by u?
20
Let l(v) = -23*v + 2509. What is the remainder when 1132 is divided by l(102)?
154
Let o = -12 - -14. Suppose 3*c + o*c = 2*c. Suppose 0 = 3*w - 3*k - c*k - 12, 2*w = -k + 17. What is the remainder when w is divided by 2?
1
Suppose 5833 - 20463 - 5902 = -87*d. What is the remainder when d is divided by 44?
16
Let y(t) = 45*t - 146. Let p be y(8). Let u = p - 150. What is the remainder when u is divided by 25?
14
Suppose -22*g + 8759 = -1471. Let i = 509 - g. Calculate the remainder when 129 is divided by i.
41
Calculate the remainder when (364*(3 + (-11)/4))/1 is divided by 80.
11
Let u(g) = 4*g + 7. Let b = 16988 + -16775. What is the remainder when b is divided by u(6)?
27
Let a(c) = -2*c**3 + 36*c**2 + 85*c - 797. What is the remainder when a(15) is divided by 29?
1
Let y(k) = 12*k**3 - 2*k**2 + 5*k - 4. Let c be y(1). Suppose -c*u + 77 = -11. What is the remainder when 8 is divided by u?
0
Let f(l) = l**3 - 4*l**2 + 10*l - 10. Let t be 5*1 + 1*(11 + -12). What is the remainder when 357 is divided by f(t)?
27
Let m = -704 - -1026. Let z = -226 + m. What is the remainder when z is divided by -6 - -2 - (-8 - (3 + 3)) - -4?
12
Let y be (-36)/(-8) - 30/12. Suppose 2*g - 16 = -y*g, -3*l + 316 = 4*g. Calculate the remainder when l is divided by 16.
4
Suppose 873*n - 877*n - v + 2551 = 0, 5*n - 5*v - 3170 = 0. What is the remainder when n is divided by 110?
87
Suppose -2*d + d = -5*h + 80, -3*d = -4*h + 75. Suppose 0 = 5*z, -h*z = 4*f - 17*z - 40. Suppose 5*w - 2 = 4*w. What is the remainder when f is divided by w?
0
Suppose 0 = 2*h - 3*m + 1 + 1, 0 = -m. Let p(w) = 31*w**2 + 4*w + 4. What is the remainder when 45 is divided by p(h)?
14
Suppose -5*t = k - 250, -5*k + 474 = -3*k - 3*t. Suppose -2*l + k = 8*l. Calculate the remainder when l is divided by (32/5)/((40/25)/4).
8
Suppose -5*x = -0*x - 25. Suppose 0 = 45*k - 37*k - 128. Let p(y) = y**2 - 17*y + 25. What is the remainder when p(k) is divided by x?
4
Let p be (-7)/(42/(-366)) - (-2 + 0). Let j = 284 - p. Calculate the remainder when j is divided by 14.
11
Suppose 5*x = 2*x + 99. Let q be (-10)/5*2 - (-35 + -1). Suppose -56 + 152 = q*s. Calculate the remainder when x is divided by s.
0
Let z = 4055 + -4044. Suppose 5*u + 28 - 3 = 0. Let m = 44 - u. Calculate the remainder when m is divided by z.
5
Suppose 0 = 15*r + 10 - 55. Suppose 8*d + 1482 = 3*b + 5*d, r*b = -4*d + 1489. Calculate the remainder when b is divided by 50.
45
Let g = -244 - -225. Suppose 3*l = 36 + 36. Let r = l + g. What is the remainder when 19 is divided by r?
4
Suppose 10*k - 220 = -16*k + 170. What is the remainder when 216 is divided by k?
6
Let p be ((-1 - 1) + 4)/(12/18). Suppose 2*b - 47 = 4*r - 15, p*r + 54 = 4*b. Calculate the remainder when b is divided by 2.
0
Let r = -1862 + 1902. Calculate the remainder when -2 + (194 - (1 + -1)) is divided by r.
32
Let t = 21 - 23. Let x be (t/(-2))/((12/9)/4). Suppose 5*z - 10 = 0, x*z = -5*m + 2*z + 187. What is the remainder when m is divided by 8?
5
Let l be 36/(-45)*(-1910)/4. Suppose l = -9*u - 86. Let b = 87 + u. What is the remainder when 68 is divided by b?
33
Suppose -2*y + 32 = 2*o - 54, y - 195 = -5*o. Suppose 92*s = 90*s + o. What is the remainder when 144 is divided by s?
11
Let x be 0*(2 + 6/(-6)*1). Suppose -g - 3*c + 0*c + 48 = x, 0 = -4*g + 2*c + 206. Calculate the remainder when 192 is divided by g.
39
Let d = -189 - -56. Let t = d - -138. What is the remainder when 88 is divided by t?
3
Let w(c) = c**2 - 13*c + 9. Let x be w(13). Let s(k) = 7*k**2 - 61*k - 6. What is the remainder when 30 is divided by s(x)?
6
What is the remainder when 608 is divided by (-43)/((-86)/312) + -2 + 6?
128
Suppose -x - 60717 = -2*k + 16396, -5*x + 154233 = 4*k. Calculate the remainder when k is divided by 40.
37
Let y = 2018 + -2000. Calculate the remainder when 880 is divided by y.
16
Suppose 527*n - 14291 = 496*n. What is the remainder when n is divided by 21?
20
Let c(j) = 32*j + 144. Let g be c(-15). Suppose -2*k + 26 = -12. What is the remainder when k is divided by (-3)/(-2)*g/(-72)?
5
Let q(k) = -3*k**2 - 22*k + 5. Let s be q(-7). Let h(v) = -26 + 0*v + 5 + 6*v - 3*v. What is the remainder when 42 is divided by h(s)?
12
Let r = 772 - 751. Let v(s) be the first derivative of 5*s**4/2 + 2*s + 1. Calculate the remainder when v(2) is divided by r.
19
Calculate the remainder when 449 is divided by -14*(-30)/140 + 48 + 2 + -3.
49
Suppose 0 = -4*q - h + 189 + 269, -5*q + 569 = 3*h. What is the remainder when q is divided by 6?
1
Let h = 75 + -70. Let v be 106/22 + (-2)/(-11). Suppose z + 57 = 4*z - 5*t, -h*z = -v*t - 95. Calculate the remainder when 53 is divided by z.
15
Let b = 8 + 16. Suppose -5*s - 3*i = -27, 2*s = -0*s + 5*i - 14. Suppose 4*g = 3*f + 66, s*f - 5*f = -g + 19. Calculate the remainder when b is divided by g.
9
Let s = 9594 - 9329. What is the remainder when 4495 is divided by s?
255
Suppose -4*z + 13*g = 11*g - 8, -4*z - 4*g - 16 = 0. Suppose v + 0*f - 391 = -4*f, 4*v - 2*f - 1474 = z. What is the remainder when v is divided by 34?
31
Suppose 12*f - 3829 - 1286 = f. What is the remainder when f is divided by 159?
147
Suppose 13*f = -20*f - 7*f + 240. Suppose -5*l + 9 = 5*x - 1, 10 = 5*x - l. What is the remainder when f is divided by x?
0
Let p(d) = -11*d**3 + d**2 - 4*d - 6. Let t be p(-1). Suppose -t*w - q - 1134 = -15*w, 0 = q + 4. What is the remainder when w is divided by 46?
42
What is the remainder when 3890 is divided by 43 - (10/(-5)*2)/(-2)?
36
Let j(s) = 10*s - 58. Let q(b) = -b**2 - 10*b - 7. Let h be q(-8). Calculate the remainder when 49 is divided by j(h).
17
Let o(d) = -d**2 - 38*d + 1982. What is the remainder when 226 is divided by o(-67)?
31
Let i(n) = -164*n - 4789. What is the remainder when 652 is divided by i(-30)?
128
Let m = -2660 + 2806. What is the remainder when 341 is divided by m?
49
Let h be -3*2/27 - (-740)/90. Suppose h*o - 128 = 4*o + 5*q, -4*o - 5*q = -168. What is the remainder when 66 is divided by o?
29
What is the remainder when 872 is divided by (329 - 255)*1/(1*2) - 2?
32
Suppose 0 = -11*x - 0*x - 15*x + 5044. Calculate the remainder when 1742 is divided by x.
190
Let i be ((-34)/6 + -2)*-3. Suppose 19*d - i*d + 4*u + 80 = 0, 3*d - 5*u = 66. Calculate the remainder when 49 is divided by d.
15
Let d(z) = -13*z**2 + 8*z + 3. Let t(n) = 9*n**2 - 6*n - 2. Let k(v) = -5*d(v) - 7*t(v). Calculate the remainder when k(4) is divided by 24.
15
Let l(o) be the third derivative of o**4/4 - o**3/6 + 9*o**2. Let z be l(-5). Let g = z - -38. Calculate the remainder when 19 is divided by g.
5
Suppose 20*p - 280 - 28 = 252. What is the remainder when 4114 is divided by p?
26
Let d(w) = w**2 - 19*w + 91. Suppose 3*y + y - 4*u = 240, 2*y + 3*u = 120. Calculate the remainder when y is divided by d(14).
18
Suppose -3*r + 4*j + 51 + 8 = 0, 0 = -4*j + 16. Suppose 0 = -o - 5*m + 71, 3 - 6 = -3*m. Calculate the remainder when o is divided by r.
16
Suppose x = -10*g + 15*g + 20, x - 23 = 2*g. What is the remainder when 2747 is divided by x?
22
Let q be 0/(-14)*1/3. Suppose 2*s + 5*u = 31, -s - 4*u + 14 + 9 = q. Let n(j) = 40*j - 19. Calculate the remainder when n(s) is divided by 21.
17
What is the remainder when 1533/(-315) - 6/45 - (2 + -55) is divided by 12?
0
Suppose -2*k - 5*s = -0*k - 45, 5*s = 5. Let x be 8 + (4 - (0 + 2)). What is the remainder when 5/50 + 1149/x is divided by k?
15
Suppose 2*m = -1 - 13, 2*x - 519 = 5*m. What is the remainder when x is divided by 48?
2
Calculate the remainder when 21 is divided by ((-5)/(-20))/(5 + -7 + 105/52).
8
Let g(d) = 3*d - 17. What is the remainder when g(18) is divided by (-91 - -96)/(3*(-15)/(-171))?
18
Let c = 1233 - 1218. Calculate the remainder when c is divided by 11.
4
Suppose 0*q + 3*n = q - 303, 0 = -q + 4*n + 305. Calculate the remainder when q is divided by 138.
21
What is the remainder when ((-783)/(-58))/(-9) + 2/4*235 is divided by 7?
4
Let c = -289 - -455. What is the remainder when 467 is divided by c?
135
Let n = 196 - -16. Let u(y) = y**2 - 54*y + 684. What is the remainder when n is divided by u(36)?
32
Let o(l) = 823*l - 3213. What is the remainder when 787 is divided by o(4)?
76
Suppose 4*x = 4*y + 84, 5*x - 3*y + y = 90. Let k be 180/240*584/6. S